21128 is divided by 207?
14
Calculate the remainder when 56162 is divided by 68.
62
What is the remainder when 192528 is divided by 336?
0
What is the remainder when 11686 is divided by 152?
134
What is the remainder when 15539 is divided by 1938?
35
Calculate the remainder when 6231 is divided by 93.
0
Calculate the remainder when 5740 is divided by 1143.
25
What is the remainder when 52323 is divided by 20?
3
Calculate the remainder when 903648 is divided by 37.
34
Calculate the remainder when 344564 is divided by 168.
164
Calculate the remainder when 1495466 is divided by 51.
44
What is the remainder when 56455 is divided by 128?
7
What is the remainder when 136996 is divided by 177?
175
Calculate the remainder when 12990 is divided by 652.
602
Calculate the remainder when 20777 is divided by 10385.
7
What is the remainder when 19771 is divided by 12?
7
What is the remainder when 74127 is divided by 412?
379
What is the remainder when 7436 is divided by 309?
20
Calculate the remainder when 618 is divided by 67.
15
Calculate the remainder when 1290 is divided by 153.
66
Calculate the remainder when 4059 is divided by 4020.
39
Calculate the remainder when 32689 is divided by 263.
77
Calculate the remainder when 917 is divided by 123.
56
Calculate the remainder when 1329 is divided by 433.
30
Calculate the remainder when 749 is divided by 152.
141
Calculate the remainder when 416230 is divided by 108.
106
Calculate the remainder when 2898 is divided by 20.
18
Calculate the remainder when 715 is divided by 214.
73
What is the remainder when 14527 is divided by 7235?
57
What is the remainder when 77381 is divided by 34?
31
What is the remainder when 3163 is divided by 201?
148
Calculate the remainder when 3281 is divided by 1638.
5
What is the remainder when 6301 is divided by 137?
136
Calculate the remainder when 4732 is divided by 18.
16
Calculate the remainder when 6013 is divided by 862.
841
What is the remainder when 11394 is divided by 65?
19
Calculate the remainder when 502207 is divided by 125549.
11
What is the remainder when 15120 is divided by 178?
168
What is the remainder when 17228 is divided by 1073?
60
What is the remainder when 5800 is divided by 47?
19
Calculate the remainder when 23187 is divided by 28.
3
Calculate the remainder when 845408 is divided by 422694.
20
Calculate the remainder when 2088 is divided by 449.
292
Calculate the remainder when 103225 is divided by 233.
6
Calculate the remainder when 799 is divided by 73.
69
What is the remainder when 1758812 is divided by 427?
426
Calculate the remainder when 744 is divided by 242.
18
Calculate the remainder when 1383 is divided by 155.
143
Calculate the remainder when 43061 is divided by 285.
26
Calculate the remainder when 29611 is divided by 14804.
3
What is the remainder when 2513490 is divided by 317?
314
What is the remainder when 2373 is divided by 250?
123
What is the remainder when 2831 is divided by 47?
11
What is the remainder when 79550 is divided by 6620?
110
What is the remainder when 392503 is divided by 68?
7
What is the remainder when 14643 is divided by 66?
57
Calculate the remainder when 7616 is divided by 7614.
2
What is the remainder when 39096 is divided by 226?
224
Calculate the remainder when 68340 is divided by 107.
74
What is the remainder when 26287 is divided by 20?
7
Calculate the remainder when 3408 is divided by 305.
53
What is the remainder when 22139 is divided by 5?
4
Calculate the remainder when 3736 is divided by 1234.
34
Calculate the remainder when 360780 is divided by 643.
57
Calculate the remainder when 76955 is divided by 636.
635
Calculate the remainder when 12470 is divided by 162.
158
Calculate the remainder when 13922 is divided by 37.
10
Calculate the remainder when 3882 is divided by 1292.
6
Calculate the remainder when 11133 is divided by 5553.
27
Calculate the remainder when 40799 is divided by 104.
31
Calculate the remainder when 18093 is divided by 109.
108
Calculate the remainder when 269830 is divided by 105.
85
Calculate the remainder when 3114 is divided by 34.
20
Calculate the remainder when 8233 is divided by 135.
133
What is the remainder when 321996 is divided by 8?
4
What is the remainder when 8043 is divided by 730?
13
What is the remainder when 2932 is divided by 161?
34
Calculate the remainder when 68273 is divided by 32.
17
What is the remainder when 1269049 is divided by 25?
24
Calculate the remainder when 355343 is divided by 27333.
14
What is the remainder when 2127 is divided by 603?
318
What is the remainder when 636 is divided by 211?
3
What is the remainder when 11476 is divided by 66?
58
What is the remainder when 1832 is divided by 196?
68
Calculate the remainder when 15993 is divided by 1998.
9
Calculate the remainder when 13952 is divided by 759.
290
What is the remainder when 51680 is divided by 73?
69
Calculate the remainder when 508957 is divided by 542.
19
Calculate the remainder when 360973 is divided by 120324.
1
What is the remainder when 14507 is divided by 404?
367
Calculate the remainder when 67148 is divided by 167.
14
Calculate the remainder when 33567 is divided by 658.
9
Calculate the remainder when 10275 is divided by 116.
67
What is the remainder when 721 is divided by 567?
154
Calculate the remainder when 105224 is divided by 305.
304
Calculate the remainder when 2333 is divided by 966.
401
Calculate the remainder when 5868 is divided by 404.
212
Calculate the remainder when 2591 is divided by 103.
16
Calculate the remainder when 36539 is divided by 562.
9
What is the remainder when 94761 is divided by 9443?
331
What is the remainder when 344 is divided by 29?
25
Calculate the remainder when 529696 is divided by 40.
16
What is the remainder when 118566 is divided by 710?
706
What is the remainder when 689827 is divided by 217?
201
Calculate the remainder when 25799 is divided by 1126.
1027
Calculate the remainder when 14140 is divided by 14128.
12
What is the remainder when 154290 is divided by 38569?
14
What is the remainder when 1837 is divided by 971?
866
Calculate the remainder when 5020 is divided by 3621.
1399
What is the remainder when 230945 is divided by 289?
34
Calculate the remainder when 3720 is divided by 370.
20
What is the remainder when 2618 is divided by 146?
136
Calculate the remainder when 1988 is divided by 17.
16
What is the remainder when 607 is divided by 39?
22
What is the remainder when 24457 is divided by 36?
13
Calculate the remainder when 977 is divided by 977.
0
Calculate the remainder when 75358 is divided by 158.
150
Calculate the remainder when 4544 is divided by 1486.
86
Calculate the remainder when 221261 is divided by 5268.
5
Calculate the remainder when 142097 is divided by 472.
25
What is the remainder when 1133989 is divided by 122?
121
What is the remainder when 134932 is divided by 43?
41
What is the remainder when 32806 is divided by 4682?
32
Calculate the remainder when 10159 is divided by 441.
16
What is the remainder when 3913 is divided by 40?
33
Calculate the remainder when 4675 is divided by 57.
1
What is the remainder when 588191 is divided by 294091?
9
Calculate the remainder when 10532 is divided by 5224.
84
Calculate the remainder when 120743 is divided by 234.
233
Calculate the remainder when 4951 is divided by 495.
1
What is the remainder when 529787 is divided by 3?
2
Calculate the remainder when 4523 is divided by 42.
29
What is the remainder when 87854 is divided by 112?
46
What is the remainder when 918806 is divided by 83?
79
Calculate the remainder when 51175 is divided by 273.
124
What is the remainder when 1741 is divided by 548?
97
Calculate the remainder when 14496 is divided by 10.
6
What is the remainder when 89217 is divided by 31?
30
What is the remainder when 1180 is divided by 42?
4
What is the remainder when 3469 is divided by 520?
349
Calculate the remainder when 5287 is divided by 5062.
225
Calculate the remainder when 19103 is divided by 13.
6
Calculate the remainder when 1597104 is divided by 723.
720
Calculate the remainder when 3328 is divided by 1434.
460
What is the remainder when 13623 is divided by 1701?
15
What is the remainder when 1407 is divided by 191?
70
What is the remainder when 815 is div